{"id":170,"date":"2022-09-07T15:40:13","date_gmt":"2022-09-07T15:40:13","guid":{"rendered":"https:\/\/www.lg-apartments.de\/cms\/?page_id=170"},"modified":"2022-09-09T18:23:20","modified_gmt":"2022-09-09T18:23:20","slug":"entstehungsgeschichte","status":"publish","type":"page","link":"https:\/\/www.lg-apartments.de\/cms\/entstehungsgeschichte\/","title":{"rendered":"Entstehungsgeschichte"},"content":{"rendered":"\n<p><strong>Wer steht hinter LG Apartments GmbH?<\/strong><br>Laurence Guild (Gesch\u00e4ftsf\u00fchrer) und Dr. Ulrike H\u00fcftlein (Prokuristin)<br><br>LG Apartments ist eine Projekt-Bautr\u00e4ger GmbH f\u00fcr das Sanierungsobjekt am Windm\u00fchlberg 30.<br><br>Das Geb\u00e4ude am Windm\u00fchlberg 30 war ein ehemaliges Verwaltungsgeb\u00e4ude, das die Stadt Ansbach \u00fcber Jahre angemietet hatte. <br>Untergebracht waren hier z.B. das Schulamt, Veterin\u00e4ramt, Ausgleichsamt, etc.<br><br>Im Jahre 2020 wurden wir w\u00e4hrend der Sanierungsarbeiten am Nachbarhaus, in das wir sp\u00e4ter einzogen, auf das leerstehende Geb\u00e4ude aufmerksam.<br><br>Das solide Bauwerk aus Mitte der 60ziger Jahre war die Basis f\u00fcr das aktuelle Projekt.<br>Seit der Planungsphase 2021 sanieren wir mit Liebe zum Detail und errichten zusammen <a href=\"\/cms\/partner-firmen\/\">mit ans\u00e4ssigen Unternehmen und Diestleistern<\/a> eine zeitgem\u00e4\u00dfe Oase die Platz f\u00fcr 14 Wohneinheiten bietet.<br><\/p>\n","protected":false},"excerpt":{"rendered":"<p>Wer steht hinter LG Apartments GmbH?Laurence Guild (Gesch\u00e4ftsf\u00fchrer) und Dr. Ulrike H\u00fcftlein (Prokuristin) LG Apartments ist eine Projekt-Bautr\u00e4ger GmbH f\u00fcr das Sanierungsobjekt am Windm\u00fchlberg 30. Das Geb\u00e4ude am Windm\u00fchlberg 30 war ein ehemaliges Verwaltungsgeb\u00e4ude, das die Stadt Ansbach \u00fcber Jahre angemietet hatte. Untergebracht waren hier z.B. das Schulamt, Veterin\u00e4ramt, Ausgleichsamt, etc. Im Jahre 2020 wurden [&hellip;]<\/p>\n","protected":false},"author":1,"featured_media":196,"parent":0,"menu_order":0,"comment_status":"closed","ping_status":"closed","template":"","meta":{"footnotes":""},"class_list":["post-170","page","type-page","status-publish","has-post-thumbnail","hentry","post","post-with-thumbnail","post-with-thumbnail-large"],"_links":{"self":[{"href":"https:\/\/www.lg-apartments.de\/cms\/wp-json\/wp\/v2\/pages\/170","targetHints":{"allow":["GET"]}}],"collection":[{"href":"https:\/\/www.lg-apartments.de\/cms\/wp-json\/wp\/v2\/pages"}],"about":[{"href":"https:\/\/www.lg-apartments.de\/cms\/wp-json\/wp\/v2\/types\/page"}],"author":[{"embeddable":true,"href":"https:\/\/www.lg-apartments.de\/cms\/wp-json\/wp\/v2\/users\/1"}],"replies":[{"embeddable":true,"href":"https:\/\/www.lg-apartments.de\/cms\/wp-json\/wp\/v2\/comments?post=170"}],"version-history":[{"count":13,"href":"https:\/\/www.lg-apartments.de\/cms\/wp-json\/wp\/v2\/pages\/170\/revisions"}],"predecessor-version":[{"id":297,"href":"https:\/\/www.lg-apartments.de\/cms\/wp-json\/wp\/v2\/pages\/170\/revisions\/297"}],"wp:featuredmedia":[{"embeddable":true,"href":"https:\/\/www.lg-apartments.de\/cms\/wp-json\/wp\/v2\/media\/196"}],"wp:attachment":[{"href":"https:\/\/www.lg-apartments.de\/cms\/wp-json\/wp\/v2\/media?parent=170"}],"curies":[{"name":"wp","href":"https:\/\/api.w.org\/{rel}","templated":true}]}}