{"id":10,"date":"2022-08-12T06:39:50","date_gmt":"2022-08-12T06:39:50","guid":{"rendered":"http:\/\/www.lg-apartments.de\/cms\/?page_id=10"},"modified":"2025-05-08T14:08:23","modified_gmt":"2025-05-08T14:08:23","slug":"ueber-uns","status":"publish","type":"page","link":"https:\/\/www.lg-apartments.de\/cms\/","title":{"rendered":"Eine gute Investition am \u00f6stlichen Stadtrand von Ansbach"},"content":{"rendered":"\n<p><strong>14 Wohneinheiten mit einer Gesamtwohnfl\u00e4che von ca. 1.433 m\u00b2 nach modernsten Standards in hervorragender Lage!<\/strong><br>Die individuellen Wohnfl\u00e4chen liegen zwischen ca. 76 m\u00b2 und ca. 125 m\u00b2.<\/p>\n\n\n\n<div class=\"wp-block-columns are-vertically-aligned-center is-layout-flex wp-container-core-columns-is-layout-9d6595d7 wp-block-columns-is-layout-flex\">\n<div class=\"wp-block-column is-vertically-aligned-center is-layout-flow wp-block-column-is-layout-flow\" style=\"flex-basis:48%\">\n<p class=\"has-text-align-right has-medium-font-size\"><img loading=\"lazy\" decoding=\"async\" width=\"60\" height=\"33\" class=\"wp-image-483\" style=\"width: 60px;\" src=\"https:\/\/www.lg-apartments.de\/cms\/wp-content\/uploads\/2024\/01\/Flag_DE.png\" alt=\"\"><br>Expos\u00e9 der Wohnungen<br>als <a href=\"https:\/\/www.lg-apartments.de\/cms\/wp-content\/uploads\/2024\/01\/Expose_LG_DE_web.pdf\" target=\"_blank\" rel=\"noreferrer noopener\">PDF-Download<\/a><\/p>\n<\/div>\n\n\n\n<div class=\"wp-block-column is-layout-flow wp-block-column-is-layout-flow\" style=\"flex-basis:4%\"><\/div>\n\n\n\n<div class=\"wp-block-column is-vertically-aligned-center is-layout-flow wp-block-column-is-layout-flow\" style=\"flex-basis:48%\"><div class=\"wp-block-image\">\n<figure class=\"alignleft size-full is-resized\"><a href=\"https:\/\/www.lg-apartments.de\/cms\/wp-content\/uploads\/2024\/01\/Expose_LG_DE_web.pdf\" target=\"_blank\" rel=\"noreferrer noopener\"><img loading=\"lazy\" decoding=\"async\" width=\"140\" height=\"160\" src=\"https:\/\/www.lg-apartments.de\/cms\/wp-content\/uploads\/2024\/01\/pdf_icon_DE.png\" alt=\"\" class=\"wp-image-477\" style=\"width:103px;height:auto\"\/><\/a><\/figure><\/div><\/div>\n<\/div>\n\n\n\n<div class=\"wp-block-columns are-vertically-aligned-center is-layout-flex wp-container-core-columns-is-layout-9d6595d7 wp-block-columns-is-layout-flex\">\n<div class=\"wp-block-column is-vertically-aligned-center is-layout-flow wp-block-column-is-layout-flow\" style=\"flex-basis:48%\">\n<p class=\"has-text-align-right has-medium-font-size\"><img loading=\"lazy\" decoding=\"async\" width=\"60\" height=\"33\" class=\"wp-image-484\" style=\"width: 60px;\" src=\"https:\/\/www.lg-apartments.de\/cms\/wp-content\/uploads\/2024\/01\/Flag_US.png\" alt=\"\"><br>Expos\u00e9 of this apartments<br>as <a href=\"https:\/\/www.lg-apartments.de\/cms\/wp-content\/uploads\/2024\/01\/Expose_LG_EN_web.pdf\" target=\"_blank\" rel=\"noreferrer noopener\">pdf download<\/a><\/p>\n<\/div>\n\n\n\n<div class=\"wp-block-column is-layout-flow wp-block-column-is-layout-flow\" style=\"flex-basis:4%\"><\/div>\n\n\n\n<div class=\"wp-block-column is-vertically-aligned-center is-layout-flow wp-block-column-is-layout-flow\" style=\"flex-basis:48%\"><div class=\"wp-block-image\">\n<figure class=\"alignleft size-full is-resized\"><a href=\"https:\/\/www.lg-apartments.de\/cms\/wp-content\/uploads\/2024\/01\/Expose_LG_EN_web.pdf\" target=\"_blank\" rel=\"noreferrer noopener\"><img loading=\"lazy\" decoding=\"async\" width=\"140\" height=\"160\" src=\"https:\/\/www.lg-apartments.de\/cms\/wp-content\/uploads\/2024\/01\/pdf_icon_EN.png\" alt=\"\" class=\"wp-image-478\" style=\"width:103px;height:auto\"\/><\/a><\/figure><\/div><\/div>\n<\/div>\n\n\n\n<p>\u00dcberzeugen Sie sich bei einer pers\u00f6nlichen Besichtigung von der hervorragenden Lage und einer atemberaubenden Aussicht \u00fcber die gesamte Stadt.<\/p>\n\n\n\n<p>Sie haben Interesse, eines der Objekte zu erwerben?<br><strong>Vereinbaren Sie einen Termin mit uns!<\/strong><br><strong>Am besten direkt \u00fcber das <a href=\"\/cms\/Kontakt\/\">Kontaktformular<\/a><\/strong>.<\/p>\n","protected":false},"excerpt":{"rendered":"<p>14 Wohneinheiten mit einer Gesamtwohnfl\u00e4che von ca. 1.433 m\u00b2 nach modernsten Standards in hervorragender Lage!Die individuellen Wohnfl\u00e4chen liegen zwischen ca. 76 m\u00b2 und ca. 125 m\u00b2. Expos\u00e9 der Wohnungenals PDF-Download Expos\u00e9 of this apartmentsas pdf download \u00dcberzeugen Sie sich bei einer pers\u00f6nlichen Besichtigung von der hervorragenden Lage und einer atemberaubenden Aussicht \u00fcber die gesamte Stadt. [&hellip;]<\/p>\n","protected":false},"author":1,"featured_media":0,"parent":0,"menu_order":0,"comment_status":"closed","ping_status":"closed","template":"","meta":{"footnotes":""},"class_list":["post-10","page","type-page","status-publish","hentry","post"],"_links":{"self":[{"href":"https:\/\/www.lg-apartments.de\/cms\/wp-json\/wp\/v2\/pages\/10","targetHints":{"allow":["GET"]}}],"collection":[{"href":"https:\/\/www.lg-apartments.de\/cms\/wp-json\/wp\/v2\/pages"}],"about":[{"href":"https:\/\/www.lg-apartments.de\/cms\/wp-json\/wp\/v2\/types\/page"}],"author":[{"embeddable":true,"href":"https:\/\/www.lg-apartments.de\/cms\/wp-json\/wp\/v2\/users\/1"}],"replies":[{"embeddable":true,"href":"https:\/\/www.lg-apartments.de\/cms\/wp-json\/wp\/v2\/comments?post=10"}],"version-history":[{"count":64,"href":"https:\/\/www.lg-apartments.de\/cms\/wp-json\/wp\/v2\/pages\/10\/revisions"}],"predecessor-version":[{"id":517,"href":"https:\/\/www.lg-apartments.de\/cms\/wp-json\/wp\/v2\/pages\/10\/revisions\/517"}],"wp:attachment":[{"href":"https:\/\/www.lg-apartments.de\/cms\/wp-json\/wp\/v2\/media?parent=10"}],"curies":[{"name":"wp","href":"https:\/\/api.w.org\/{rel}","templated":true}]}}